t the prime factors of 929072771.
11, 84461161
What are the prime factors of 480318953?
127, 3782039
What are the prime factors of 50737783?
50737783
List the prime factors of 184956137.
31, 1583, 3769
What are the prime factors of 72103319?
72103319
What are the prime factors of 181369685?
5, 7, 17, 31, 9833
List the prime factors of 1818326325.
3, 5, 3299, 7349
List the prime factors of 101465339.
19, 47, 113623
List the prime factors of 12574402.
2, 6287201
List the prime factors of 3017040094.
2, 31, 48661937
List the prime factors of 97856093.
97856093
List the prime factors of 1521293700.
2, 3, 5, 887, 5717
What are the prime factors of 29732078?
2, 239, 62201
List the prime factors of 198901144.
2, 13, 43, 79, 563
List the prime factors of 4183344576.
2, 3, 2420917
What are the prime factors of 543270391?
543270391
List the prime factors of 2817598850.
2, 5, 11, 5122907
What are the prime factors of 4400953637?
43, 102347759
What are the prime factors of 26857202?
2, 61, 220141
List the prime factors of 74641505.
5, 29, 514769
List the prime factors of 2988382508.
2, 67, 233, 47857
List the prime factors of 3787972557.
3, 23, 54898153
What are the prime factors of 29180610?
2, 3, 5, 31, 10459
What are the prime factors of 4624154035?
5, 924830807
List the prime factors of 61422562.
2, 30711281
List the prime factors of 283057009.
283057009
List the prime factors of 5151188724.
2, 3, 11, 19, 2053903
List the prime factors of 98401175.
5, 307, 12821
What are the prime factors of 1154702527?
11, 104972957
List the prime factors of 4468448988.
2, 3, 89, 373, 3739
List the prime factors of 241822335.
3, 5, 181, 89069
List the prime factors of 4651900883.
7, 664557269
What are the prime factors of 83259990?
2, 3, 5, 11, 37, 2273
List the prime factors of 35525937.
3, 17, 47, 14821
List the prime factors of 559971296.
2, 17, 1029359
List the prime factors of 729773695.
5, 7, 53, 197, 1997
What are the prime factors of 391585972?
2, 19, 5152447
List the prime factors of 342255889.
342255889
What are the prime factors of 389863611?
3, 179, 8963
List the prime factors of 1673279153.
7, 13, 157, 117119
What are the prime factors of 17509722?
2, 3, 131, 22277
What are the prime factors of 30352993?
11, 631, 4373
What are the prime factors of 514689269?
61, 8437529
What are the prime factors of 35340629?
35340629
List the prime factors of 150947817.
3, 50315939
List the prime factors of 37011287.
37011287
What are the prime factors of 425121303?
3, 157, 5749
List the prime factors of 452922383.
229, 1977827
What are the prime factors of 6437348771?
7, 919621253
List the prime factors of 1427548819.
1427548819
What are the prime factors of 5634652034?
2, 11, 29, 101, 87443
What are the prime factors of 116113122?
2, 3, 109, 19727
List the prime factors of 31119378.
2, 3, 19, 29, 9413
What are the prime factors of 467821103?
151, 3098153
What are the prime factors of 123898767?
3, 41299589
What are the prime factors of 627416430?
2, 3, 5, 20913881
What are the prime factors of 200936395?
5, 11, 23, 158843
What are the prime factors of 119057790?
2, 3, 5, 101, 39293
List the prime factors of 155100950.
2, 5, 41, 75659
What are the prime factors of 3063190326?
2, 3, 7, 3221, 22643
List the prime factors of 8733076.
2, 11, 198479
List the prime factors of 78426799.
11, 367, 19427
What are the prime factors of 38119030?
2, 5, 821, 4643
List the prime factors of 73660203.
3, 29, 367, 769
List the prime factors of 2713096917.
3, 100485071
List the prime factors of 574241030.
2, 5, 11, 1021, 5113
What are the prime factors of 35094416?
2, 7, 313343
List the prime factors of 77194363.
77194363
What are the prime factors of 3798757417?
7, 13, 41744587
What are the prime factors of 339969208?
2, 42496151
List the prime factors of 246126643.
7, 61, 107, 5387
List the prime factors of 2538900628.
2, 11, 2129, 27103
List the prime factors of 2887076291.
11, 262461481
What are the prime factors of 1200180209?
22453, 53453
What are the prime factors of 3597086226?
2, 3, 2381, 251791
List the prime factors of 137179349.
89, 1541341
List the prime factors of 15618773.
37, 422129
List the prime factors of 37927555.
5, 7585511
What are the prime factors of 1375437123?
3, 152826347
What are the prime factors of 65100115?
5, 61, 461, 463
List the prime factors of 899785052.
2, 19, 11839277
List the prime factors of 504215446.
2, 7, 71, 79, 6421
List the prime factors of 29426984.
2, 401, 9173
What are the prime factors of 786262130?
2, 5, 23, 1787, 1913
What are the prime factors of 756261030?
2, 3, 5, 7, 3601243
What are the prime factors of 112691072?
2, 13, 67723
What are the prime factors of 45869807?
45869807
List the prime factors of 89271571.
193, 462547
List the prime factors of 1877706368.
2, 239, 61379
List the prime factors of 1875282783.
3, 11, 31, 1833121
List the prime factors of 165060616.
2, 7, 17, 31, 47
What are the prime factors of 123990218?
2, 11, 229, 24611
What are the prime factors of 59576346?
2, 3, 53, 197, 317
What are the prime factors of 266477557?
266477557
What are the prime factors of 94095071?
7, 13442153
What are the prime factors of 2482749483?
3, 31, 137, 194863
What are the prime factors of 296093481?
3, 1621, 60887
What are the prime factors of 2433655465?
5, 31, 1129, 13907
What are the prime factors of 4131866?
2, 31, 66643
What are the prime factors of 89190229?
89190229
What are the prime factors of 1096977761?
11, 71, 1404581
List the prime factors of 90807939.
3, 3363257
List the prime factors of 305102066.
2, 152551033
List the prime factors of 1485646628.
2, 371411657
What are the prime factors of 2083432531?
31, 67207501
What are the prime factors of 1107755387?
541, 601, 3407
What are the prime factors of 391390818?
2, 3, 7, 13, 67, 823
What are the prime factors of 93859408?
2, 5866213
List the prime factors of 641408537.
7, 11, 757271
List the prime factors of 528793947.
3, 11, 139, 12809
What are the prime factors of 65169229?
65169229
List the prime factors of 62875207.
89, 706463
List the prime factors of 1677170018.
2, 838585009
What are the prime factors of 4086590876?
2, 331, 3086549
List the prime factors of 8705728.
2, 136027
List the prime factors of 286907093.
11, 2371133
What are the prime factors of 515965161?
3, 171988387
List the prime factors of 189862870.
2, 5, 151, 125737
List the prime factors of 291325930.
2, 5, 7, 79, 139, 379
List the prime factors of 769910201.
313, 2459777
List the prime factors of 4455588615.
3, 5, 31, 9581911
List the prime factors of 1569419.
19, 82601
List the prime factors of 29839042.
2, 73, 204377
List the prime factors of 1302865679.
1302865679
What are the prime factors of 1683360441?
3, 7, 8906669
List the prime factors of 1505536888.
2, 131, 199, 7219
What are the prime factors of 1647198115?
5, 29, 281, 40427
List the prime factors of 1369639782.
2, 3, 7, 17, 29, 1297
List the prime factors of 5230524482.
2, 89, 2551, 11519
What are the prime factors of 676229185?
5, 47, 2877571
What are the prime factors of 18406727?
18406727
What are the prime factors of 2714321181?
3, 11, 13, 6327089
What are the prime factors of 1955816495?
5, 313, 587, 2129
What are the prime factors of 57186802?
2, 28593401
List the prime factors of 291150902.
2, 7, 20796493
List the prime factors of 230061097.
7, 32865871
What are the prime factors of 29124276?
2, 3, 151, 16073
What are the prime factors of 73417169?
7, 17, 616951
What are the prime factors of 25008128?
2, 12211
What are the prime factors of 1183588021?
7, 11, 15371273
List the prime factors of 43132054.
2, 7, 67, 6569
List the prime factors of 1282960362.
2, 3, 3407, 62761
List the prime factors of 404485109.
7, 57783587
What are the prime factors of 2079604310?
2, 5, 7, 31, 958343
What are the prime factors of 2188678470?
2, 3, 5, 11, 6632359
What are the prime factors of 41757205?
5, 7, 389, 3067
What are the prime factors of 52775122?
2, 19, 1388819
List the prime factors of 2152217375.
5, 7, 11, 53, 4219
List the prime factors of 129669920.
2, 5, 810437
List the prime factors of 33946097.
179, 189643
List the prime factors of 106769516.
2, 7, 43, 71, 1249
What are the prime factors of 965001755?
5, 193000351
List the prim